and j?
3
Let y be 6/(-9)*(1 - 52). Let n(o) = 3 - 30*o**2 - 33*o**3 + 13*o**2 + 18*o**2 + 3*o. Let j be n(-1). What is the greatest common factor of y and j?
34
Let x(t) = -364*t + 8016. Let b be x(22). Calculate the highest common divisor of 5748 and b.
4
Let j = -41 - 32. Let x = j - -123. Suppose 912*m = 869*m + 860. Calculate the greatest common divisor of m and x.
10
Let q(m) = m**3 - 9*m**2 + 5*m + 8. Let h(p) = p**3 + p**2 - 3. Let i be h(2). Let k be q(i). Calculate the highest common factor of k and 424.
53
Let w be 442/(-6) - 4/12. Let u = 114 + w. Suppose -36*y = -u*y + 440. What is the highest common divisor of y and 10?
10
Let k(f) = 319*f - 11123. Let c be k(35). Calculate the greatest common factor of c and 9093.
21
Let g(n) be the second derivative of n**3/6 + 13*n**2 - 21*n - 1. Let i be g(19). Calculate the highest common factor of i and 9.
9
Let r(p) = -201*p**2 + 14*p + 24. Let s be r(-2). Let h = -352 - s. Calculate the highest common divisor of 24 and h.
24
Suppose -436 = -2*k - 4*v + 5*v, 4*k + 2*v = 888. Let d = k - 192. What is the highest common divisor of d and 448?
28
Suppose -8*t + 4*t + 269 = o, -2*o = 14. What is the highest common factor of t and 8786?
23
Suppose 5*f + 10 = 0, -j + 4625 = 2*f - 21. Calculate the greatest common factor of j and 310.
310
Suppose 63347 = 38*i - 44497. Calculate the highest common divisor of i and 3354.
258
Let r be 71 + -97 - 246/(-6). Let d = 95 + -56. Calculate the greatest common divisor of d and r.
3
Suppose 8*n - n - 63 = 0. Suppose -3 = -4*w + n. Suppose 0*j - 2*b = -w*j + 1020, -1029 = -3*j - b. Calculate the highest common divisor of j and 38.
38
Suppose o = -2*f, -2*f - 48 = -4*o - 8. Suppose 5*b - o*b - 156 = 0. Let u = 61 + b. What is the greatest common factor of 36 and u?
9
Let d be ((-71)/(-4))/((-4)/(8 - -8)). Let h = -53 - d. Suppose -21*m = -h*m - 348. What is the highest common divisor of m and 29?
29
Let r = -255 + 297. Suppose d - 2483 = -3*x, -4*x - d + 1559 + 1752 = 0. Suppose 348 = 7*j - x. What is the highest common divisor of r and j?
42
Let s = -135 - -288. Suppose 0 = 13*i - 8*i - 60. Suppose 5*g = i*g - 119. Calculate the greatest common divisor of g and s.
17
Suppose 0 = 5*u - 4 - 1. Let b(k) = 17*k**3 + 2*k**2 - 2*k + 1. Let i be b(u). Let s be (-16)/4 - (-2 + -74). What is the highest common divisor of s and i?
18
Let p(t) = -3*t**3 + 36*t**2 + 62*t + 488. Let d be p(14). Let k(u) = 7*u + 1. Let x be k(5). What is the highest common divisor of x and d?
36
Let l be ((-117)/(-2))/((-1)/(-4)). Let w = -44328 - -44346. Calculate the greatest common divisor of l and w.
18
Let g = -17404 + 25468. What is the greatest common factor of 14 and g?
14
Let l = -7 - -2. Let g(f) = 5*f**3 + 10*f**2 - 2*f**3 - 3*f**3 - 11 + 12*f + 0*f**3 + f**3. Let w be g(l). Calculate the greatest common divisor of w and 72.
18
Let k = 3603 - 3583. Calculate the highest common divisor of k and 545.
5
Suppose -11*u + 14*u - 12 = 0. Suppose 5*f - 135 = b - 0*b, 2*b = 10. Calculate the highest common divisor of u and f.
4
Suppose 1046*z - 1083*z + 176268 = 0. Calculate the highest common divisor of z and 12.
12
Let c(y) = -2*y**2 + 5*y - 2. Let v be c(2). Suppose -5*l + 0*l + 10 = v. Let f = -2 + 5. What is the highest common divisor of f and l?
1
Let y(g) = g**2 + 2*g - 7. Let v be y(-9). Let o be (-25380)/(-1590) + 4/106. What is the greatest common divisor of v and o?
8
Suppose 0 = 3*i - 3*m - 3, -i - 4*m = 2*i - 24. Suppose q + 182 = 3*p - i*q, 0 = 4*p - 2*q - 224. Calculate the highest common divisor of 27 and p.
27
Let o = 186 + 1062. Let s be o/(-91)*((-8 - 2) + 3). What is the greatest common divisor of s and 128?
32
Suppose o = -5*y + 28, -1 = -0*y + y. Let l = -17 + o. Let m = -16806 + 16808. Calculate the greatest common factor of m and l.
2
Let f = 5012 - 4998. What is the greatest common factor of f and 17710?
14
Let l(b) = 17*b**2 - 60*b + 52. Let d be l(1). What is the highest common factor of d and 7659?
9
Suppose -45*m = -41*m - 104. Suppose -45 = -m*j + 23*j. Let f = 29 - -1. What is the highest common factor of j and f?
15
Let z be ((-1)/1 - 13) + 1176. Calculate the greatest common divisor of 35 and z.
7
Let c be (-10*1/(-2) + 360)/1. Calculate the greatest common factor of c and 5.
5
Let o be 2022/18 - 2/6. Let m be o - (-1 - -1)/5. Suppose 6*b - 48 = 3*b. What is the greatest common divisor of m and b?
16
Let i = 2645 + -2597. What is the highest common factor of 1176 and i?
24
Suppose -125*c = -24239 - 67040 + 24154. Calculate the greatest common divisor of 358 and c.
179
Suppose -402*t + 417*t - 135 = 0. Let y = 82 - 49. What is the highest common factor of y and t?
3
Let t(y) = -y**3 - y**2 + 2*y + 2. Let i be t(-3). Suppose -c + i = c. Let z be (-2)/(-6 + 2)*((-6 - -12) + 8). What is the highest common divisor of c and z?
7
Suppose -3 = -3*q, 4*a - 2*a = q - 1. Suppose -2*o + 3*f + f = a, -15 = -2*o + f. What is the highest common divisor of 830 and o?
10
Let d(w) = -w**3 + w**2 + w + 4. Let h be d(0). Suppose y + 9 = h*y. Suppose 0 = 12*r + 13*r + 79*r - 1248. Calculate the greatest common divisor of r and y.
3
Let u(j) = 3*j - 36. Let z be u(12). Suppose z*i - 6 = -2*i. Suppose 3*g = -3*q + 9, 4*q - 19 = -0*g + i*g. What is the greatest common factor of q and 64?
4
Suppose -3*t = -22*w + 17*w - 773, 2*t + 2*w = 510. Let x be (1 - -7)/(3 - (-2 - -4)). What is the highest common factor of t and x?
8
Suppose g = -0*g + 5*k + 7, 5*k - 65 = -5*g. Let w be (-4 - -3)*4*5/20. Let o be 4225/100 + w/4. What is the greatest common divisor of o and g?
6
Let z be 419550/20 - (-9)/(-6). Calculate the greatest common factor of 92 and z.
92
Suppose -134*d + 226 = -136*d. Let i = 125 + d. Suppose u + i - 13 = 0. Calculate the highest common factor of 1 and u.
1
Let q = -420 + 420. Suppose q = 14*v - 10*v - 156. What is the greatest common factor of 234 and v?
39
Let s be ((-15)/(13 + -8))/(1/(-6)). Suppose -14*j + s*j = 40. Calculate the highest common divisor of j and 140.
10
Let k = -115 + 170. Suppose 4*c - 365 = -3*h + 527, 1092 = 5*c - 2*h. What is the highest common divisor of k and c?
55
Let s be (-2 - -7)*18/15. Let z(k) = k**3 - k**2 + 2*k + 4. Let y be z(0). Suppose 0 = -8*g + 68 + y. Calculate the greatest common factor of s and g.
3
Let z(f) = -f**2 + 16*f - 25. Let k be z(14). Suppose 1563 = 3*j - 3*p, -k*j - 4*p + 0*p + 1591 = 0. What is the greatest common divisor of 35 and j?
35
Let d = 157 + -73. Suppose 4*h - 220*b + 218*b - 94 = 0, 0 = 2*b - 18. What is the highest common divisor of d and h?
28
Suppose 947 = 25*q - 2003. Suppose 5*a - 5*y = 566 + 64, 0 = a - 5*y - q. What is the greatest common factor of 4 and a?
4
Suppose 4*j + 119 = -p, -3*j + 5*p = 2*j + 155. Let y be ((-2)/8*j)/(2/4). Let i be (11/3 + -5)*y*-3. Calculate the highest common factor of i and 36.
12
Suppose 4*n = 191 + 173. Let y be 7/(n/2197)*1/1. Calculate the highest common factor of y and 52.
13
Suppose -z + 34 = 79. Let r = z + 83. What is the greatest common factor of 342 and r?
38
Let q be (8/6)/((-16)/24)*-3. Suppose q*d - 2*d - 4*c - 956 = 0, 944 = 4*d + 2*c. Calculate the highest common factor of 3 and d.
3
Let j be (-160)/(-15) - (-3)/(36/16). Suppose 35 = -b + 8*b. Suppose -5*o + 33 = n, n - b*n + 52 = 4*o. Calculate the greatest common factor of j and n.
4
Suppose 135*y - 133*y = -5*h + 60, 0 = 4*h - 4*y - 76. Calculate the highest common divisor of 64 and h.
2
Let c be 1 - 4/((-4)/3). Let k(m) = -m**3 - 12*m + 12. Let z be k(1). Let u be 36*(3 + z)/c. Calculate the highest common divisor of u and 126.
18
Let m be -18*(5270/(-60) - 2/18*6). Calculate the highest common divisor of 1416 and m.
177
Suppose -5*v - 3*l = -1156, -7*l = -3*v - 2*l + 680. Let d(r) = -6*r - 19. Let z be d(-7). Calculate the highest common divisor of v and z.
23
Let h be 42/84 + (-9)/(-2). Suppose 0 = -h*u - 2*y + 310, 4*u - 2*y = -7*y + 231. Calculate the greatest common divisor of u and 160.
32
Suppose 0 = 8*g - 3580 + 188. Suppose 64 - g = -8*k. What is the highest common divisor of 18 and k?
9
Let p = -19 - -28. Suppose 0 = 7*j - 23 + p. Let w = -323 + 329. Calculate the highest common factor of w and j.
2
Suppose -25*s = -u - 23*s + 595, -3*s + 2988 = 5*u. Calculate the greatest common facto